{"id":31,"date":"2012-04-22T17:48:48","date_gmt":"2012-04-22T17:48:48","guid":{"rendered":"http:\/\/wiesbaden-blog.net\/?page_id=31"},"modified":"2024-07-06T10:57:59","modified_gmt":"2024-07-06T10:57:59","slug":"uber-mich","status":"publish","type":"page","link":"http:\/\/wiesbaden-blog.net\/?page_id=31","title":{"rendered":"\u00dcber mich"},"content":{"rendered":"<h2>Vorwort<\/h2>\n<p>Ich bin Melanie, 39 Jahre jung, Softwareentwicklerin. Im Jahr 2007 kam ich aus beruflichen Gr\u00fcnden aus dem Saarland hierher nach Hessen, in das sch\u00f6ne Wiesbaden. Anfangs erschien mir hier alles so anders, so k\u00fcnstlich, doch je besser ich diese Stadt kennen lernte, desto mehr gewann ich sie lieb.<\/p>\n<p>Vor etwa einem Jahr habe ich mir etwas zu eigen gemacht das in der Geschichte Wiesbadens eine gro\u00dfe Rolle spielt. Ich habe als Ausgleich f\u00fcr meine berufliche T\u00e4tigkeit das Spazierengehen f\u00fcr mich entdeckt. Und so habe ich begonnen Wiesbaden und seine Umgebung zu Fu\u00df zu erkunden. Dabei haben sich eine ganze Menge Fotos von interessanten Orten und Sehensw\u00fcrdigkeiten hinter der Fassade der \u00fcblichen Touristen Hochburgen angesammelt. Da ich feststellen musste das viele dieser sch\u00f6nen Orte weder in B\u00fcchern noch auf Webseiten Erw\u00e4hnung finden f\u00fchlte ich mich gezwungen da mal etwas Abhilfe zu schaffen (Au\u00dferdem was macht man sonst mit 1000 sch\u00f6nen Bildern *g*). Hier in Wiesbaden gibt es n\u00e4mlich noch mehr zu sehen als nur den Kochbrunnen, das Kurhaus und die Marktkirche (aber auch diese Orte werde ich euch zeigen ;-))<\/p>\n<p>Ich werde daf\u00fcr allerdings etwas tricksen m\u00fcssen. Die Beitr\u00e4ge erhalten jeweils das Datum das Tages an dem ich tats\u00e4chlich am entsprechenden Ort war und die Fotos gemacht habe. Von daher kann es schon mal passieren das pl\u00f6tzlich ein \u00e4lterer, neuer Beitrag auftaucht oder noch Beitr\u00e4ge irgendwo dazwischen dazu kommen, aber ich m\u00f6chte die Fotos und Bericht gerne im Kontext des urspr\u00fcnglichen Datums zeigen, daher ist diese Vorgehensweise leider n\u00f6tig. Oder m\u00f6chte irgendjemand die Weihnachtsfotos unter dem 31. Juli finden?<\/p>\n<p>Ich hoffe ich kann einigen Menschen interessante neue Orte zeigen oder zum selbst erkunden anregen. Vielleicht findet ja der ein oder andere Tourist so ein sch\u00f6nes Ausflugsziel f\u00fcr seinen Besuch in Wiesaben oder es lernt sogar ein alteingesessener Wiesbadener noch ein verstecktes Fleckchen Erde kennen das er noch nicht kannte.<\/p>\n<p>Ab und zu werde ich auch Beitr\u00e4ge zu anderen St\u00e4dten einstreuen, denn ich habe mich auch schon anderswo zu Fu\u00df auf den Weg gemacht um Interessantes zu entdecken.<\/p>\n<p>Ich w\u00fcnsche nun allen viel Freude beim St\u00f6bern!<\/p>\n<p>Melanie<\/p>\n<h2>Impressum und Kontakt<\/h2>\n<p>Damit alles seine Richtigkeit hat, hier noch ein kleines Impressum:<\/p>\n<p>Melanie Dewald<br \/>\nPrivatstr. 3<br \/>\n65191 Wiesbaden<br \/>\neMail: <a title=\"melanie@wiesbaden-blog.net\" href=\"mailto:melanie@wiesbaden-blog.net\">melanie@wiesbaden-blog.net<\/a><\/p>\n<p>Ich bin normalerweise bedacht darauf die Urheberrecht der verwendeten Fotos vor der Ver\u00f6ffentlichung zu kl\u00e4ren und nur Bilder zu verwenden die frei verf\u00fcgbar sind oder f\u00fcr die ich eine Erlaubnis f\u00fcr die Ver\u00f6ffentlichung erhalten habe. Sollte mir dennoch ein Bild unterkommen f\u00fcr das ich keine Nutzungsrechte besitze bitte ich um kurze Meldung per eMail.<\/p>\n<div class=\"twoclick_social_bookmarks_post_31 social_share_privacy clearfix 1.6.4 locale-de_DE sprite-de_DE\"><\/div><div class=\"twoclick-js\"><script type=\"text\/javascript\">\/* <![CDATA[ *\/\njQuery(document).ready(function($){if($('.twoclick_social_bookmarks_post_31')){$('.twoclick_social_bookmarks_post_31').socialSharePrivacy({\"services\":{\"facebook\":{\"status\":\"on\",\"txt_info\":\"2 Klicks f\\u00fcr mehr Datenschutz: Erst wenn Sie hier klicken, wird der Button aktiv und Sie k\\u00f6nnen Ihre Empfehlung an Facebook senden. Schon beim Aktivieren werden Daten an Dritte \\u00fcbertragen - siehe <em>i<\\\/em>.\",\"perma_option\":\"off\",\"action\":\"recommend\",\"language\":\"de_DE\"},\"twitter\":{\"reply_to\":\"\",\"tweet_text\":\"%C3%9Cber%20mich%20%C2%BB%20Wiesbaden-Blog\",\"status\":\"on\",\"txt_info\":\"2 Klicks f\\u00fcr mehr Datenschutz: Erst wenn Sie hier klicken, wird der Button aktiv und Sie k\\u00f6nnen Ihre Empfehlung an Twitter senden. Schon beim Aktivieren werden Daten an Dritte \\u00fcbertragen - siehe <em>i<\\\/em>.\",\"perma_option\":\"off\",\"language\":\"de\",\"referrer_track\":\"\"},\"gplus\":{\"status\":\"on\",\"txt_info\":\"2 Klicks f\\u00fcr mehr Datenschutz: Erst wenn Sie hier klicken, wird der Button aktiv und Sie k\\u00f6nnen Ihre Empfehlung an Google+ senden. Schon beim Aktivieren werden Daten an Dritte \\u00fcbertragen - siehe <em>i<\\\/em>.\",\"perma_option\":\"off\",\"referrer_track\":\"\"}},\"txt_help\":\"Wenn Sie diese Felder durch einen Klick aktivieren, werden Informationen an Facebook, Twitter, Flattr, Xing, t3n, LinkedIn, Pinterest oder Google eventuell ins Ausland \\u00fcbertragen und unter Umst\\u00e4nden auch dort gespeichert. N\\u00e4heres erfahren Sie durch einen Klick auf das <em>i<\\\/em>.\",\"settings_perma\":\"Dauerhaft aktivieren und Daten\\u00fcber-tragung zustimmen:\",\"info_link\":\"http:\\\/\\\/www.heise.de\\\/ct\\\/artikel\\\/2-Klicks-fuer-mehr-Datenschutz-1333879.html\",\"uri\":\"http:\\\/\\\/wiesbaden-blog.net\\\/?page_id=31\",\"post_id\":31,\"post_title_referrer_track\":\"%C3%9Cber+mich\",\"display_infobox\":\"on\"});}});\n\/* ]]> *\/<\/script><\/div>","protected":false},"excerpt":{"rendered":"<p>Vorwort Ich bin Melanie, 39 Jahre jung, Softwareentwicklerin. Im Jahr 2007 kam ich aus beruflichen Gr\u00fcnden aus dem Saarland hierher nach Hessen, in das sch\u00f6ne Wiesbaden. Anfangs erschien mir hier alles so anders, so k\u00fcnstlich, doch je besser ich diese &hellip; <a href=\"http:\/\/wiesbaden-blog.net\/?page_id=31\">Weiterlesen <span class=\"meta-nav\">&rarr;<\/span><\/a><\/p>\n","protected":false},"author":1,"featured_media":0,"parent":0,"menu_order":4,"comment_status":"open","ping_status":"open","template":"","meta":{"footnotes":""},"class_list":["post-31","page","type-page","status-publish","hentry"],"_links":{"self":[{"href":"http:\/\/wiesbaden-blog.net\/index.php?rest_route=\/wp\/v2\/pages\/31"}],"collection":[{"href":"http:\/\/wiesbaden-blog.net\/index.php?rest_route=\/wp\/v2\/pages"}],"about":[{"href":"http:\/\/wiesbaden-blog.net\/index.php?rest_route=\/wp\/v2\/types\/page"}],"author":[{"embeddable":true,"href":"http:\/\/wiesbaden-blog.net\/index.php?rest_route=\/wp\/v2\/users\/1"}],"replies":[{"embeddable":true,"href":"http:\/\/wiesbaden-blog.net\/index.php?rest_route=%2Fwp%2Fv2%2Fcomments&post=31"}],"version-history":[{"count":10,"href":"http:\/\/wiesbaden-blog.net\/index.php?rest_route=\/wp\/v2\/pages\/31\/revisions"}],"predecessor-version":[{"id":7242,"href":"http:\/\/wiesbaden-blog.net\/index.php?rest_route=\/wp\/v2\/pages\/31\/revisions\/7242"}],"wp:attachment":[{"href":"http:\/\/wiesbaden-blog.net\/index.php?rest_route=%2Fwp%2Fv2%2Fmedia&parent=31"}],"curies":[{"name":"wp","href":"https:\/\/api.w.org\/{rel}","templated":true}]}}