{"id":4477,"date":"2013-12-21T16:47:27","date_gmt":"2013-12-21T16:47:27","guid":{"rendered":"http:\/\/wiesbaden-blog.net\/wp-content\/uploads\/DSCF1520.jpg"},"modified":"2013-12-21T16:47:27","modified_gmt":"2013-12-21T16:47:27","slug":"dscf1520","status":"inherit","type":"attachment","link":"http:\/\/wiesbaden-blog.net\/?attachment_id=4477","title":{"rendered":"Blick von der Maaraue zum Mainzer Dom"},"author":1,"featured_media":0,"comment_status":"open","ping_status":"open","template":"","meta":[],"class_list":["post-4477","attachment","type-attachment","status-inherit","hentry"],"description":{"rendered":"<p class=\"attachment\"><a href='http:\/\/wiesbaden-blog.net\/wp-content\/uploads\/DSCF1520.jpg'><img loading=\"lazy\" decoding=\"async\" width=\"300\" height=\"224\" src=\"http:\/\/wiesbaden-blog.net\/wp-content\/uploads\/DSCF1520-300x224.jpg\" class=\"attachment-medium size-medium\" alt=\"Blick von der Maaraue zum Mainzer Dom\" srcset=\"http:\/\/wiesbaden-blog.net\/wp-content\/uploads\/DSCF1520-300x224.jpg 300w, http:\/\/wiesbaden-blog.net\/wp-content\/uploads\/DSCF1520-1024x768.jpg 1024w, http:\/\/wiesbaden-blog.net\/wp-content\/uploads\/DSCF1520-400x300.jpg 400w\" sizes=\"(max-width: 300px) 100vw, 300px\" \/><\/a><\/p>\n<p>Fotografiert von der Fu\u00dfg\u00e4ngerbr\u00fccke am Flo\u00dfhafen.<\/p>\n<div class=\"twoclick_social_bookmarks_post_4477 social_share_privacy clearfix 1.6.4 locale-de_DE sprite-de_DE\"><\/div><div class=\"twoclick-js\"><script type=\"text\/javascript\">\/* <![CDATA[ *\/\njQuery(document).ready(function($){if($('.twoclick_social_bookmarks_post_4477')){$('.twoclick_social_bookmarks_post_4477').socialSharePrivacy({\"services\":{\"facebook\":{\"status\":\"on\",\"txt_info\":\"2 Klicks f\\u00fcr mehr Datenschutz: Erst wenn Sie hier klicken, wird der Button aktiv und Sie k\\u00f6nnen Ihre Empfehlung an Facebook senden. Schon beim Aktivieren werden Daten an Dritte \\u00fcbertragen - siehe <em>i<\\\/em>.\",\"perma_option\":\"off\",\"action\":\"recommend\",\"language\":\"de_DE\"},\"twitter\":{\"reply_to\":\"\",\"tweet_text\":\"Blick%20von%20der%20Maaraue%20zum%20Mainzer%20Dom%20%C2%BB%20Wiesbaden-Blog\",\"status\":\"on\",\"txt_info\":\"2 Klicks f\\u00fcr mehr Datenschutz: Erst wenn Sie hier klicken, wird der Button aktiv und Sie k\\u00f6nnen Ihre Empfehlung an Twitter senden. Schon beim Aktivieren werden Daten an Dritte \\u00fcbertragen - siehe <em>i<\\\/em>.\",\"perma_option\":\"off\",\"language\":\"de\",\"referrer_track\":\"\"},\"gplus\":{\"status\":\"on\",\"txt_info\":\"2 Klicks f\\u00fcr mehr Datenschutz: Erst wenn Sie hier klicken, wird der Button aktiv und Sie k\\u00f6nnen Ihre Empfehlung an Google+ senden. Schon beim Aktivieren werden Daten an Dritte \\u00fcbertragen - siehe <em>i<\\\/em>.\",\"perma_option\":\"off\",\"referrer_track\":\"\"}},\"txt_help\":\"Wenn Sie diese Felder durch einen Klick aktivieren, werden Informationen an Facebook, Twitter, Flattr, Xing, t3n, LinkedIn, Pinterest oder Google eventuell ins Ausland \\u00fcbertragen und unter Umst\\u00e4nden auch dort gespeichert. N\\u00e4heres erfahren Sie durch einen Klick auf das <em>i<\\\/em>.\",\"settings_perma\":\"Dauerhaft aktivieren und Daten\\u00fcber-tragung zustimmen:\",\"info_link\":\"http:\\\/\\\/www.heise.de\\\/ct\\\/artikel\\\/2-Klicks-fuer-mehr-Datenschutz-1333879.html\",\"uri\":\"http:\\\/\\\/wiesbaden-blog.net\\\/?attachment_id=4477\",\"post_id\":4477,\"post_title_referrer_track\":\"Blick+von+der+Maaraue+zum+Mainzer+Dom\",\"display_infobox\":\"on\"});}});\n\/* ]]> *\/<\/script><\/div>"},"caption":{"rendered":"<p>Blick von der Maaraue zum Mainzer Dom <a href=\"http:\/\/wiesbaden-blog.net\/?attachment_id=4477\">Weiterlesen <span class=\"meta-nav\">&rarr;<\/span><\/a><\/p>\n"},"alt_text":"Blick von der Maaraue zum Mainzer Dom","media_type":"image","mime_type":"image\/jpeg","media_details":{"width":4288,"height":3216,"file":"DSCF1520.jpg","sizes":{"thumbnail":{"file":"DSCF1520-150x150.jpg","width":150,"height":150,"mime_type":"image\/jpeg","source_url":"http:\/\/wiesbaden-blog.net\/wp-content\/uploads\/DSCF1520-150x150.jpg"},"medium":{"file":"DSCF1520-300x224.jpg","width":300,"height":224,"mime_type":"image\/jpeg","source_url":"http:\/\/wiesbaden-blog.net\/wp-content\/uploads\/DSCF1520-300x224.jpg"},"large":{"file":"DSCF1520-1024x768.jpg","width":1024,"height":768,"mime_type":"image\/jpeg","source_url":"http:\/\/wiesbaden-blog.net\/wp-content\/uploads\/DSCF1520-1024x768.jpg"},"post-thumbnail":{"file":"DSCF1520-1000x288.jpg","width":1000,"height":288,"mime_type":"image\/jpeg","source_url":"http:\/\/wiesbaden-blog.net\/wp-content\/uploads\/DSCF1520-1000x288.jpg"},"large-feature":{"file":"DSCF1520-1000x288.jpg","width":1000,"height":288,"mime_type":"image\/jpeg","source_url":"http:\/\/wiesbaden-blog.net\/wp-content\/uploads\/DSCF1520-1000x288.jpg"},"small-feature":{"file":"DSCF1520-400x300.jpg","width":400,"height":300,"mime_type":"image\/jpeg","source_url":"http:\/\/wiesbaden-blog.net\/wp-content\/uploads\/DSCF1520-400x300.jpg"},"full":{"file":"DSCF1520.jpg","width":4288,"height":3216,"mime_type":"image\/jpeg","source_url":"http:\/\/wiesbaden-blog.net\/wp-content\/uploads\/DSCF1520.jpg"}},"image_meta":{"aperture":8,"credit":"","camera":"FinePix JX370","caption":"","created_timestamp":1338133271,"copyright":"","focal_length":"5","iso":"100","shutter_speed":"0.002","title":""}},"post":4415,"source_url":"http:\/\/wiesbaden-blog.net\/wp-content\/uploads\/DSCF1520.jpg","_links":{"self":[{"href":"http:\/\/wiesbaden-blog.net\/index.php?rest_route=\/wp\/v2\/media\/4477"}],"collection":[{"href":"http:\/\/wiesbaden-blog.net\/index.php?rest_route=\/wp\/v2\/media"}],"about":[{"href":"http:\/\/wiesbaden-blog.net\/index.php?rest_route=\/wp\/v2\/types\/attachment"}],"author":[{"embeddable":true,"href":"http:\/\/wiesbaden-blog.net\/index.php?rest_route=\/wp\/v2\/users\/1"}]}}

<p class="attachment"><a href='http://wiesbaden-blog.net/wp-content/uploads/DSCF1520.jpg'><img loading="lazy" decoding="async" width="300" height="224" src="http://wiesbaden-blog.net/wp-content/uploads/DSCF1520-300x224.jpg" class="attachment-medium size-medium" alt="Blick von der Maaraue zum Mainzer Dom" srcset="http://wiesbaden-blog.net/wp-content/uploads/DSCF1520-300x224.jpg 300w, http://wiesbaden-blog.net/wp-content/uploads/DSCF1520-1024x768.jpg 1024w, http://wiesbaden-blog.net/wp-content/uploads/DSCF1520-400x300.jpg 400w" sizes="(max-width: 300px) 100vw, 300px" /></a></p>
<p>Fotografiert von der Fußgängerbrücke am Floßhafen.</p>
<div class="twoclick_social_bookmarks_post_4477 social_share_privacy clearfix 1.6.4 locale-de_DE sprite-de_DE"></div><div class="twoclick-js"><script type="text/javascript">/* <![CDATA[ */
jQuery(document).ready(function($){if($('.twoclick_social_bookmarks_post_4477')){$('.twoclick_social_bookmarks_post_4477').socialSharePrivacy({"services":{"facebook":{"status":"on","txt_info":"2 Klicks f\u00fcr mehr Datenschutz: Erst wenn Sie hier klicken, wird der Button aktiv und Sie k\u00f6nnen Ihre Empfehlung an Facebook senden. Schon beim Aktivieren werden Daten an Dritte \u00fcbertragen - siehe <em>i<\/em>.","perma_option":"off","action":"recommend","language":"de_DE"},"twitter":{"reply_to":"","tweet_text":"Blick%20von%20der%20Maaraue%20zum%20Mainzer%20Dom%20%C2%BB%20Wiesbaden-Blog","status":"on","txt_info":"2 Klicks f\u00fcr mehr Datenschutz: Erst wenn Sie hier klicken, wird der Button aktiv und Sie k\u00f6nnen Ihre Empfehlung an Twitter senden. Schon beim Aktivieren werden Daten an Dritte \u00fcbertragen - siehe <em>i<\/em>.","perma_option":"off","language":"de","referrer_track":""},"gplus":{"status":"on","txt_info":"2 Klicks f\u00fcr mehr Datenschutz: Erst wenn Sie hier klicken, wird der Button aktiv und Sie k\u00f6nnen Ihre Empfehlung an Google+ senden. Schon beim Aktivieren werden Daten an Dritte \u00fcbertragen - siehe <em>i<\/em>.","perma_option":"off","referrer_track":""}},"txt_help":"Wenn Sie diese Felder durch einen Klick aktivieren, werden Informationen an Facebook, Twitter, Flattr, Xing, t3n, LinkedIn, Pinterest oder Google eventuell ins Ausland \u00fcbertragen und unter Umst\u00e4nden auch dort gespeichert. N\u00e4heres erfahren Sie durch einen Klick auf das <em>i<\/em>.","settings_perma":"Dauerhaft aktivieren und Daten\u00fcber-tragung zustimmen:","info_link":"http:\/\/www.heise.de\/ct\/artikel\/2-Klicks-fuer-mehr-Datenschutz-1333879.html","uri":"http:\/\/wiesbaden-blog.net\/?attachment_id=4477","post_id":4477,"post_title_referrer_track":"Blick+von+der+Maaraue+zum+Mainzer+Dom","display_infobox":"on"});}});
/* ]]> */</script></div>
