{"id":1052,"date":"2012-07-09T18:06:45","date_gmt":"2012-07-09T18:06:45","guid":{"rendered":"http:\/\/wiesbaden-blog.net\/wp-content\/uploads\/IMAG0479.jpg"},"modified":"2012-07-09T18:06:45","modified_gmt":"2012-07-09T18:06:45","slug":"imag0479","status":"inherit","type":"attachment","link":"http:\/\/wiesbaden-blog.net\/?attachment_id=1052","title":{"rendered":"Dreik\u00f6nigshaus"},"author":1,"featured_media":0,"comment_status":"open","ping_status":"open","template":"","meta":[],"class_list":["post-1052","attachment","type-attachment","status-inherit","hentry"],"description":{"rendered":"<p class=\"attachment\"><a href='http:\/\/wiesbaden-blog.net\/wp-content\/uploads\/IMAG0479.jpg'><img loading=\"lazy\" decoding=\"async\" width=\"179\" height=\"300\" src=\"http:\/\/wiesbaden-blog.net\/wp-content\/uploads\/IMAG0479-179x300.jpg\" class=\"attachment-medium size-medium\" alt=\"Dreik\u00f6nigshaus\" srcset=\"http:\/\/wiesbaden-blog.net\/wp-content\/uploads\/IMAG0479-179x300.jpg 179w, http:\/\/wiesbaden-blog.net\/wp-content\/uploads\/IMAG0479-613x1024.jpg 613w, http:\/\/wiesbaden-blog.net\/wp-content\/uploads\/IMAG0479.jpg 1552w\" sizes=\"(max-width: 179px) 100vw, 179px\" \/><\/a><\/p>\n<p>Das fr\u00fchgotische Wohnhaus, das aus einem romanischen Wohnturm entstanden ist, verf\u00fcgte zu fr\u00fcherer Zeit nur \u00fcber einen Zugang im ersten Stock. So das die Bewohner im Falle einer Gefahr besser gesichert waren.<br \/>\nHeute befindet sich im unteren Geschoss ein Bagel-Laden.<\/p>\n<div class=\"twoclick_social_bookmarks_post_1052 social_share_privacy clearfix 1.6.4 locale-de_DE sprite-de_DE\"><\/div><div class=\"twoclick-js\"><script type=\"text\/javascript\">\/* <![CDATA[ *\/\njQuery(document).ready(function($){if($('.twoclick_social_bookmarks_post_1052')){$('.twoclick_social_bookmarks_post_1052').socialSharePrivacy({\"services\":{\"facebook\":{\"status\":\"on\",\"txt_info\":\"2 Klicks f\\u00fcr mehr Datenschutz: Erst wenn Sie hier klicken, wird der Button aktiv und Sie k\\u00f6nnen Ihre Empfehlung an Facebook senden. Schon beim Aktivieren werden Daten an Dritte \\u00fcbertragen - siehe <em>i<\\\/em>.\",\"perma_option\":\"off\",\"action\":\"recommend\",\"language\":\"de_DE\"},\"twitter\":{\"reply_to\":\"\",\"tweet_text\":\"Dreik%C3%B6nigshaus%20%C2%BB%20Wiesbaden-Blog\",\"status\":\"on\",\"txt_info\":\"2 Klicks f\\u00fcr mehr Datenschutz: Erst wenn Sie hier klicken, wird der Button aktiv und Sie k\\u00f6nnen Ihre Empfehlung an Twitter senden. Schon beim Aktivieren werden Daten an Dritte \\u00fcbertragen - siehe <em>i<\\\/em>.\",\"perma_option\":\"off\",\"language\":\"de\",\"referrer_track\":\"\"},\"gplus\":{\"status\":\"on\",\"txt_info\":\"2 Klicks f\\u00fcr mehr Datenschutz: Erst wenn Sie hier klicken, wird der Button aktiv und Sie k\\u00f6nnen Ihre Empfehlung an Google+ senden. Schon beim Aktivieren werden Daten an Dritte \\u00fcbertragen - siehe <em>i<\\\/em>.\",\"perma_option\":\"off\",\"referrer_track\":\"\"}},\"txt_help\":\"Wenn Sie diese Felder durch einen Klick aktivieren, werden Informationen an Facebook, Twitter, Flattr, Xing, t3n, LinkedIn, Pinterest oder Google eventuell ins Ausland \\u00fcbertragen und unter Umst\\u00e4nden auch dort gespeichert. N\\u00e4heres erfahren Sie durch einen Klick auf das <em>i<\\\/em>.\",\"settings_perma\":\"Dauerhaft aktivieren und Daten\\u00fcber-tragung zustimmen:\",\"info_link\":\"http:\\\/\\\/www.heise.de\\\/ct\\\/artikel\\\/2-Klicks-fuer-mehr-Datenschutz-1333879.html\",\"uri\":\"http:\\\/\\\/wiesbaden-blog.net\\\/?attachment_id=1052\",\"post_id\":1052,\"post_title_referrer_track\":\"Dreik%C3%B6nigshaus\",\"display_infobox\":\"on\"});}});\n\/* ]]> *\/<\/script><\/div>"},"caption":{"rendered":"<p>Dreik\u00f6nigshaus <a href=\"http:\/\/wiesbaden-blog.net\/?attachment_id=1052\">Weiterlesen <span class=\"meta-nav\">&rarr;<\/span><\/a><\/p>\n"},"alt_text":"Dreik\u00f6nigshaus","media_type":"image","mime_type":"image\/jpeg","media_details":{"width":"1552","height":"2592","hwstring_small":"height='96' width='57'","file":"IMAG0479.jpg","sizes":{"thumbnail":{"file":"IMAG0479-150x150.jpg","width":"150","height":"150","source_url":"http:\/\/wiesbaden-blog.net\/wp-content\/uploads\/IMAG0479-150x150.jpg"},"medium":{"file":"IMAG0479-179x300.jpg","width":"179","height":"300","source_url":"http:\/\/wiesbaden-blog.net\/wp-content\/uploads\/IMAG0479-179x300.jpg"},"large":{"file":"IMAG0479-613x1024.jpg","width":"613","height":"1024","source_url":"http:\/\/wiesbaden-blog.net\/wp-content\/uploads\/IMAG0479-613x1024.jpg"},"post-thumbnail":{"file":"IMAG0479-1000x288.jpg","width":"1000","height":"288","source_url":"http:\/\/wiesbaden-blog.net\/wp-content\/uploads\/IMAG0479-1000x288.jpg"},"large-feature":{"file":"IMAG0479-1000x288.jpg","width":"1000","height":"288","source_url":"http:\/\/wiesbaden-blog.net\/wp-content\/uploads\/IMAG0479-1000x288.jpg"},"small-feature":{"file":"IMAG0479-179x300.jpg","width":"179","height":"300","source_url":"http:\/\/wiesbaden-blog.net\/wp-content\/uploads\/IMAG0479-179x300.jpg"},"full":{"file":"IMAG0479.jpg","width":1552,"height":2592,"mime_type":"image\/jpeg","source_url":"http:\/\/wiesbaden-blog.net\/wp-content\/uploads\/IMAG0479.jpg"}},"image_meta":{"aperture":"0","credit":"","camera":"HTC Desire","caption":"","created_timestamp":"1296563961","copyright":"","focal_length":"4.31","iso":"52","shutter_speed":"0","title":""}},"post":1033,"source_url":"http:\/\/wiesbaden-blog.net\/wp-content\/uploads\/IMAG0479.jpg","_links":{"self":[{"href":"http:\/\/wiesbaden-blog.net\/index.php?rest_route=\/wp\/v2\/media\/1052"}],"collection":[{"href":"http:\/\/wiesbaden-blog.net\/index.php?rest_route=\/wp\/v2\/media"}],"about":[{"href":"http:\/\/wiesbaden-blog.net\/index.php?rest_route=\/wp\/v2\/types\/attachment"}],"author":[{"embeddable":true,"href":"http:\/\/wiesbaden-blog.net\/index.php?rest_route=\/wp\/v2\/users\/1"}]}}

Dreikönigshaus

<p class="attachment"><a href='http://wiesbaden-blog.net/wp-content/uploads/IMAG0479.jpg'><img loading="lazy" decoding="async" width="179" height="300" src="http://wiesbaden-blog.net/wp-content/uploads/IMAG0479-179x300.jpg" class="attachment-medium size-medium" alt="Dreikönigshaus" srcset="http://wiesbaden-blog.net/wp-content/uploads/IMAG0479-179x300.jpg 179w, http://wiesbaden-blog.net/wp-content/uploads/IMAG0479-613x1024.jpg 613w, http://wiesbaden-blog.net/wp-content/uploads/IMAG0479.jpg 1552w" sizes="(max-width: 179px) 100vw, 179px" /></a></p>
<p>Das frühgotische Wohnhaus, das aus einem romanischen Wohnturm entstanden ist, verfügte zu früherer Zeit nur über einen Zugang im ersten Stock. So das die Bewohner im Falle einer Gefahr besser gesichert waren.<br />
Heute befindet sich im unteren Geschoss ein Bagel-Laden.</p>
<div class="twoclick_social_bookmarks_post_1052 social_share_privacy clearfix 1.6.4 locale-de_DE sprite-de_DE"></div><div class="twoclick-js"><script type="text/javascript">/* <![CDATA[ */
jQuery(document).ready(function($){if($('.twoclick_social_bookmarks_post_1052')){$('.twoclick_social_bookmarks_post_1052').socialSharePrivacy({"services":{"facebook":{"status":"on","txt_info":"2 Klicks f\u00fcr mehr Datenschutz: Erst wenn Sie hier klicken, wird der Button aktiv und Sie k\u00f6nnen Ihre Empfehlung an Facebook senden. Schon beim Aktivieren werden Daten an Dritte \u00fcbertragen - siehe <em>i<\/em>.","perma_option":"off","action":"recommend","language":"de_DE"},"twitter":{"reply_to":"","tweet_text":"Dreik%C3%B6nigshaus%20%C2%BB%20Wiesbaden-Blog","status":"on","txt_info":"2 Klicks f\u00fcr mehr Datenschutz: Erst wenn Sie hier klicken, wird der Button aktiv und Sie k\u00f6nnen Ihre Empfehlung an Twitter senden. Schon beim Aktivieren werden Daten an Dritte \u00fcbertragen - siehe <em>i<\/em>.","perma_option":"off","language":"de","referrer_track":""},"gplus":{"status":"on","txt_info":"2 Klicks f\u00fcr mehr Datenschutz: Erst wenn Sie hier klicken, wird der Button aktiv und Sie k\u00f6nnen Ihre Empfehlung an Google+ senden. Schon beim Aktivieren werden Daten an Dritte \u00fcbertragen - siehe <em>i<\/em>.","perma_option":"off","referrer_track":""}},"txt_help":"Wenn Sie diese Felder durch einen Klick aktivieren, werden Informationen an Facebook, Twitter, Flattr, Xing, t3n, LinkedIn, Pinterest oder Google eventuell ins Ausland \u00fcbertragen und unter Umst\u00e4nden auch dort gespeichert. N\u00e4heres erfahren Sie durch einen Klick auf das <em>i<\/em>.","settings_perma":"Dauerhaft aktivieren und Daten\u00fcber-tragung zustimmen:","info_link":"http:\/\/www.heise.de\/ct\/artikel\/2-Klicks-fuer-mehr-Datenschutz-1333879.html","uri":"http:\/\/wiesbaden-blog.net\/?attachment_id=1052","post_id":1052,"post_title_referrer_track":"Dreik%C3%B6nigshaus","display_infobox":"on"});}});
/* ]]> */</script></div>

<p>Dreikönigshaus <a href="http://wiesbaden-blog.net/?attachment_id=1052">Weiterlesen <span class="meta-nav">&rarr;</span></a></p>
